when c is divided by v?
9
Let r = -57266 - -80240. What is the remainder when r is divided by 25?
24
Suppose 5298 + 2256 = 20*b + 1134. Let m = 23 - -23. What is the remainder when b is divided by m?
45
Suppose 8*i - 2744 = -2*i + 12546. What is the remainder when i is divided by 763?
3
Let m = 4319 - 3964. Calculate the remainder when m is divided by 11.
3
Suppose 70*n + 1192 - 14702 = 0. Calculate the remainder when n is divided by 49.
46
Let y = -12924 - -12935. Let g = 89 + -39. Suppose 4*h = -o + g, -2*o - 3*o + 145 = -h. Calculate the remainder when o is divided by y.
8
Suppose -7*r = 5*n - 366, -31*n + 4*r + 111 = -30*n. What is the remainder when 1325 is divided by n?
80
Suppose 2675 + 1685 = 109*p. Calculate the remainder when 395 is divided by p.
35
Let j(q) be the third derivative of q**6/120 - 13*q**5/60 - q**3/3 - 14*q**2. Let o be j(13). What is the remainder when (35/2)/1 + 1/o is divided by 3?
2
Let r be 9/18 + (-34)/(-4). Suppose r*u + 413 = 16*u. Suppose 157 = 2*z + u. What is the remainder when z is divided by 18?
13
Suppose 4*g - 3*c + 53 = 0, 5 = -c - 0*c. Let f(m) = m**3 + 18*m**2 + 13*m - 29. Calculate the remainder when f(g) is divided by 10.
9
Suppose 21*a = 86*a + 45*a - 17930. What is the remainder when a is divided by 21?
16
Let s be 14/49 - (-1896)/(-21). Let m = -84 - s. Calculate the remainder when 29 is divided by m.
5
Let q be ((3 + -2)*-1)/(5/110). What is the remainder when ((-2052)/24)/(-19)*q/(-3) is divided by 1*8 - (0 + 1)?
5
Let y = 35 - -9. What is the remainder when ((-11616)/1008 + 18/21)/((-4)/18) is divided by y?
4
Let o(c) = -6*c**3 + 2*c**2 - 5*c - 7. Let g be o(-1). Suppose 5*w = 3*v + g*w - 45, -2*w = 2*v - 30. Calculate the remainder when 53 is divided by v.
8
Suppose 13*a - 2*a - 176 = 0. Suppose -a*d = 22*d - 8626. What is the remainder when d is divided by 38?
37
Suppose 486*t = 517*t - 2294. Let x = 76 + -131. Let c = t + x. Calculate the remainder when c is divided by 7.
5
Let z = -367 + 372. Suppose -4*m + 626 = -z*y, -6*m - 3*y + 324 = -4*m. Calculate the remainder when m is divided by 76.
7
Suppose -11*v = -61 - 93. What is the remainder when v is divided by 14?
0
Let l(k) = -17*k - 105. Calculate the remainder when l(-26) is divided by 140.
57
Let r be ((-1)/((-3)/(-39)))/(4/76). Let k = r - -473. Calculate the remainder when k is divided by 71.
13
Let m(x) = 2*x**2 + 17*x + 1. Let g(h) = 2*h**3 + 2*h**2 - 4*h + 3. Let o be g(1). Let j = -7 - o. Calculate the remainder when m(j) is divided by 17.
14
Suppose 26*y - 27598 = 196. What is the remainder when y is divided by 107?
106
Suppose -s + 43*i - 44*i + 497 = 0, -2*s - 3*i + 1000 = 0. Calculate the remainder when s is divided by 230.
31
Let b(c) = c**2 + 7*c - 159. Let h(n) = 5*n - 9. Let t be h(-4). Let u = t + 52. Calculate the remainder when u is divided by b(-17).
1
Suppose 5*y - 1383 = 4*t, -22*y = -19*y - 3*t - 834. What is the remainder when 690 is divided by y?
148
Let z = 91 + 36. Suppose 0 = -6*d + 56*d + 1400 - 2700. Calculate the remainder when z is divided by d.
23
Let h(i) = 9*i + 74. Let f be h(-17). Let b = 96 - f. What is the remainder when b is divided by 32?
15
Let s(u) = -u**3 + 37*u**2 - 35*u - 11. Let x be s(36). Suppose -5*h = 3*f + x - 1754, -2861 = -5*f + 2*h. What is the remainder when f is divided by 82?
81
What is the remainder when (-7 + 6)/(-5*(-1)/(-34355)) + -8 is divided by 16?
15
Let o be (9/(-4))/((-7)/56). Suppose o = -4*b + 102. What is the remainder when -3*(3/(-5))/((-7)/(-315)) is divided by b?
18
Let c = 736 - 630. What is the remainder when c is divided by 12?
10
Suppose 0 = 3*x + x + 5*h - 81, 3*x = 5*h + 52. Suppose 14*g = 2*z + x*g - 1671, -3*z + 3*g = -2517. Calculate the remainder when z is divided by 40.
38
Suppose -7*m = -23*m - 24*m + 2360. Calculate the remainder when 166 is divided by m.
48
Let f(w) = 18*w**2 + 518*w - 101. Calculate the remainder when 501 is divided by f(-29).
6
Let x be ((-2)/(-1))/(10/1565). Let o = x + 155. Calculate the remainder when o is divided by 59.
55
Suppose 508*y + 78 = 3*k + 505*y, k - 28 = 3*y. What is the remainder when 304 is divided by k?
4
Suppose 23*n - 1291 = 1262. What is the remainder when 259 is divided by n?
37
Suppose -4*m - z = -1052, -m - 526 = -3*m + 2*z. Suppose 0*n - m = 4*n + 5*g, -5*g - 62 = n. Let o = 11 - n. Calculate the remainder when o is divided by 16.
14
Let d(t) = 2111*t + 4305. What is the remainder when 21992 is divided by d(-2)?
80
Let d(o) = 2*o**2 - 4*o - 127. Calculate the remainder when 397 is divided by d(12).
58
Suppose -40 = 19*x - 27*x. Suppose 5*j + 83 = 3*f, -2*j - 39 = -x*f + 93. Calculate the remainder when 31 is divided by f.
5
Let w be ((-3)/(-6))/((-26)/(-13520)). Let a = -208 + w. What is the remainder when 157 is divided by a?
1
Suppose 3*k + 2*o = 459, 346 + 131 = 3*k - 4*o. What is the remainder when k is divided by 45?
20
Suppose 0 = 2*y - 2*l - 292, 126 = -178*y + 179*y + 4*l. Calculate the remainder when y is divided by 18.
16
Let v = 61 - 52. Suppose 4*l + 16 = 0, 4*l - v*l = -d + 34. Calculate the remainder when 54 is divided by d.
12
Let g = 764 - 473. Suppose k = 3*c + 2*k - 202, 4*c - 3*k = g. What is the remainder when c is divided by 18?
15
Let g(s) = -19 - 18 - 13 - 5*s + 37. Let c = -9 + 3. What is the remainder when 32 is divided by g(c)?
15
Let g(l) = -9*l + 13. Let y be g(-8). Let b = y - 75. Calculate the remainder when 23 - (-2 + 3)*-1 is divided by b.
4
What is the remainder when 1325 is divided by 637 + 19 + (-12 - 0)?
37
Let m = -13908 - -14812. Calculate the remainder when m is divided by 5.
4
Let a be 7/1*(-48)/14 + -4. Calculate the remainder when 156 is divided by ((-7)/a)/(2/424).
50
Calculate the remainder when ((-3)/2)/(-9 + (-11)/(7590/(-6209))) is divided by 44.
23
Suppose 2*s - 352 = -400*g + 398*g, 10*g + 5*s - 1775 = 0. Calculate the remainder when g is divided by ((-3)/2)/(1/(-12)).
17
Suppose 10 = -0*s + 3*s - 5*d, 5*s + 2*d + 4 = 0. Suppose 15*z - 11*z - 48 = s. What is the remainder when 4/12 - (1 + (-1000)/6) is divided by z?
10
Let z(k) = -k**3 + 13*k**2 - 15*k - 6. What is the remainder when 343 is divided by z(2)?
7
Suppose 20*b + 2*b = 110. Suppose -1364 = -b*m - 5*x + 2*x, 4*x + 1378 = 5*m. Calculate the remainder when m is divided by 70.
64
Let u be 121/22 + 1 + (-1)/2. Suppose -5*r + 16 = u. Suppose l = 5*i + 6, 7*l - r*l - 5*i - 30 = 0. What is the remainder when l is divided by 2?
0
Let o(s) = -2*s**3 + 72*s**2 - s + 54. Calculate the remainder when (-3 + (-585)/(-36))/(1/4) is divided by o(36).
17
Let l(x) = -38*x + 2573. Calculate the remainder when l(66) is divided by 50.
15
Let h be (9/6)/((-2)/12). Let j be (3 - 2)/(-2)*(-1 + h). Suppose -j*m + 109 = 19. What is the remainder when 35 is divided by m?
17
Let x = -1063 - -1069. Let z(q) = q**2 - 4*q + 166. Calculate the remainder when z(0) is divided by x.
4
Let z(t) = -2*t**2 - 24*t - 18. Let d be z(-11). Suppose -5*v = d*w - 124, 4*w - w - 93 = -v. What is the remainder when w is divided by 7?
3
Let j(w) = w**2 + 70*w - 2655. Calculate the remainder when j(44) is divided by 148.
141
Let v(s) = 2*s**2 + 3*s - 5. Suppose -7202 = -18*u - 8*u. Let n = 286 - u. Calculate the remainder when v(-4) is divided by n.
6
What is the remainder when 903 is divided by (-716)/8*420/(-42)?
8
Let t(o) = 108*o - 1932. Calculate the remainder when 207 is divided by t(18).
3
Suppose -3*w - 135 = -5*i, 209*w = i + 205*w - 44. Calculate the remainder when 376 is divided by i.
16
Suppose t - 160 = 2*y + 10, 349 = 2*t - y. What is the remainder when t is divided by 80?
16
Let q = 189 - 135. What is the remainder when 2 - -112 - (55 - 45) is divided by q?
50
Suppose -104*h - 8857 - 3451 + 101124 = 0. Calculate the remainder when h is divided by 282.
8
Let h = -213 + 215. Suppose d + 6*y = 2*y + 46, -184 = -4*d - h*y. Calculate the remainder when 87 is divided by d.
41
What is the remainder when 3/8*20/(-30) + 4119/12 is divided by 62?
33
Suppose 100*m - 931 - 3524 = -355. Calculate the remainder when 683 is divided by m.
27
Suppose -18*l + 13*l + h + 168 = 0, h = -3*l + 88. What is the remainder when 4499 is divided by l?
19
Suppose -2535 = -5*u - 4*q, -41 = u - 2*q - 548. Let l = 996 + -979. Calculate the remainder when u is